{"id":614,"date":"2025-02-23T13:25:18","date_gmt":"2025-02-23T12:25:18","guid":{"rendered":"https:\/\/sortiescelibataires.com\/?page_id=614"},"modified":"2025-11-02T11:25:31","modified_gmt":"2025-11-02T10:25:31","slug":"blog","status":"publish","type":"page","link":"https:\/\/sortiescelibataires.com\/?page_id=614","title":{"rendered":"Blog"},"content":{"rendered":"\t\t<div data-elementor-type=\"wp-page\" data-elementor-id=\"614\" class=\"elementor elementor-614\">\n\t\t\t\t<div class=\"elementor-element elementor-element-4206493 e-flex e-con-boxed wpr-particle-no wpr-jarallax-no wpr-parallax-no wpr-sticky-section-no e-con e-parent\" data-id=\"4206493\" data-element_type=\"container\" data-e-type=\"container\">\n\t\t\t\t\t<div class=\"e-con-inner\">\n\t\t\t\t\t<\/div>\n\t\t\t\t<\/div>\n\t\t<div class=\"elementor-element elementor-element-af93087 e-con-full e-flex wpr-particle-no wpr-jarallax-no wpr-parallax-no wpr-sticky-section-no e-con e-parent\" data-id=\"af93087\" data-element_type=\"container\" data-e-type=\"container\">\n\t\t\t\t<div class=\"elementor-element elementor-element-5936248 elementor-widget elementor-widget-heading\" data-id=\"5936248\" data-element_type=\"widget\" data-e-type=\"widget\" data-widget_type=\"heading.default\">\n\t\t\t\t<div class=\"elementor-widget-container\">\n\t\t\t\t\t<h5 class=\"elementor-heading-title elementor-size-default\">D\u00e9couvrez nos prochains \u00e9v\u00e9nements pour c\u00e9libataires parisiens<\/h5>\t\t\t\t<\/div>\n\t\t\t\t<\/div>\n\t\t\t\t<div class=\"elementor-element elementor-element-7d15371 elementor-widget elementor-widget-gutenberg-post-blocks\" data-id=\"7d15371\" data-element_type=\"widget\" data-e-type=\"widget\" data-widget_type=\"gutenberg-post-blocks.default\">\n\t\t\t\t<div class=\"elementor-widget-container\">\n\t\t\t\t\t<div class=\"ultp-shortcode\" data-postid=\"835\"><div  class=\"ultp-post-grid-block wp-block-ultimate-post-post-grid-4 ultp-block-92e359\"><div class=\"ultp-block-wrapper\"><div class=\"ultp-loading\"><div class=\"ultp-loading-blocks\" style=\"width:100%;height:100%;\"><div style=\"left: 0;top: 0;animation-delay:0s;\"><\/div><div style=\"left: 21px;top: 0;animation-delay:0.125s;\"><\/div><div style=\"left: 42px;top: 0;animation-delay:0.25s;\"><\/div><div style=\"left: 0;top: 21px;animation-delay:0.875s;\"><\/div><div style=\"left: 42px;top: 21px;animation-delay:0.375s;\"><\/div><div style=\"left: 0;top: 42px;animation-delay:0.75s;\"><\/div><div style=\"left: 42px;top: 42px;animation-delay:0.625s;\"><\/div><div style=\"left: 21px;top: 42px;animation-delay:0.5s;\"><\/div><\/div><\/div><div class=\"ultp-block-items-wrap ultp-block-row ultp-layout1 ultp-block-content-\"><div class=\"ultp-block-item post-id-2602\"><div class=\"ultp-block-content-wrap ultp-block-content-overlay\"><div class=\"ultp-block-image ultp-block-image-slideRight ultp-block-image-overlay ultp-block-image-custom\"><a href=\"https:\/\/sortiescelibataires.com\/?tribe_events=show-case-avec-lou-demontis\" ><img decoding=\"async\"  alt=\"Show Case avec Lou DEMONTIS\"  src=\"https:\/\/sortiescelibataires.com\/wp-content\/uploads\/2026\/03\/AfficheLouDemontis.jpeg\" \/><\/a><\/div><div class=\"ultp-block-content ultp-block-content-bottomPosition\"><div class=\"ultp-block-content-inner\"><div class=\"ultp-category-grid ultp-category-classic ultp-category-aboveTitle\"><div class=\"ultp-category-in\"><\/div><\/div><h3 class=\"ultp-block-title \"><a href=\"https:\/\/sortiescelibataires.com\/?tribe_events=show-case-avec-lou-demontis\" >Show Case avec Lou DEMONTIS<\/a><\/h3><div class=\"ultp-block-meta ultp-block-meta-dash ultp-block-meta-style3\"><\/div><div class=\"ultp-dynamic-content-group-common ultp-dynamic-content-group-1740468689566\"><div class=\"ultp-dynamic-content-field-common ultp-dynamic-content-field-1740468689566\"><p class=\"ultp-dynamic-content-field-dc\">LOU DEMONTIS pr\u00e9sente et d\u00e9dicace\u00a0 son nouvel album \u00ab\u00a0Under the deep blue sky\u00ab\u00a0.<\/p><\/div><\/div><\/div><\/div><\/div><\/div><\/div><\/div><div class=\"pagination-block-html\" aria-hidden=\"true\" style=\"display: none;\"><\/div><\/div>\n\n\n<div style=\"height:70px\" aria-hidden=\"true\" class=\"wp-block-spacer\"><\/div>\n<\/div>\t\t\t\t<\/div>\n\t\t\t\t<\/div>\n\t\t\t\t<\/div>\n\t\t\t\t<\/div>\n\t\t","protected":false},"excerpt":{"rendered":"<p>D\u00e9couvrez nos prochains \u00e9v\u00e9nements pour c\u00e9libataires parisiens Grande soir\u00e9e Nouvel An Singles \u00e0 Paris sortiescelibataires.com vous accompagne pour passez la meilleure soir\u00e9e pour le passage \u00e0 la nouvelle ann\u00e9e. R\u00e9servation 06 16 39 04 64.Grande soir\u00e9e de f\u00eate dans un cadre magnifique, noy\u00e9 de musiques et de rigolades. Ap\u00e9ro ambiance jazz Ap\u00e9ro Solo \u2013 Dimanche 2 Novembre \u00e0 partir de 18h30 &#8211; Paris 3eInscription via le lien weezevent ou 061639046 Ad\u00e9la\u00efde DE CLERMONT-TONNERRE Ad\u00e9la\u00efde DE CLERMONT-TONNERRE Vous donne rendez-vous le 13 novembre \u00e0 Paris 017 D\u00e9dicace son roman \u00ab\u00a0Je voulais vivre\u00a0\u00bb<\/p>\n","protected":false},"author":1,"featured_media":0,"parent":0,"menu_order":0,"comment_status":"closed","ping_status":"closed","template":"","meta":{"site-sidebar-layout":"no-sidebar","site-content-layout":"page-builder","ast-site-content-layout":"full-width-container","site-content-style":"default","site-sidebar-style":"default","ast-global-header-display":"","ast-banner-title-visibility":"","ast-main-header-display":"","ast-hfb-above-header-display":"","ast-hfb-below-header-display":"","ast-hfb-mobile-header-display":"","site-post-title":"","ast-breadcrumbs-content":"","ast-featured-img":"disabled","footer-sml-layout":"","ast-disable-related-posts":"","theme-transparent-header-meta":"","adv-header-id-meta":"","stick-header-meta":"","header-above-stick-meta":"","header-main-stick-meta":"","header-below-stick-meta":"","astra-migrate-meta-layouts":"set","ast-page-background-enabled":"default","ast-page-background-meta":{"desktop":{"background-color":"var(--ast-global-color-4)","background-image":"","background-repeat":"repeat","background-position":"center center","background-size":"auto","background-attachment":"scroll","background-type":"","background-media":"","overlay-type":"","overlay-color":"","overlay-opacity":"","overlay-gradient":""},"tablet":{"background-color":"","background-image":"","background-repeat":"repeat","background-position":"center center","background-size":"auto","background-attachment":"scroll","background-type":"","background-media":"","overlay-type":"","overlay-color":"","overlay-opacity":"","overlay-gradient":""},"mobile":{"background-color":"","background-image":"","background-repeat":"repeat","background-position":"center center","background-size":"auto","background-attachment":"scroll","background-type":"","background-media":"","overlay-type":"","overlay-color":"","overlay-opacity":"","overlay-gradient":""}},"ast-content-background-meta":{"desktop":{"background-color":"var(--ast-global-color-5)","background-image":"","background-repeat":"repeat","background-position":"center center","background-size":"auto","background-attachment":"scroll","background-type":"","background-media":"","overlay-type":"","overlay-color":"","overlay-opacity":"","overlay-gradient":""},"tablet":{"background-color":"var(--ast-global-color-5)","background-image":"","background-repeat":"repeat","background-position":"center center","background-size":"auto","background-attachment":"scroll","background-type":"","background-media":"","overlay-type":"","overlay-color":"","overlay-opacity":"","overlay-gradient":""},"mobile":{"background-color":"var(--ast-global-color-5)","background-image":"","background-repeat":"repeat","background-position":"center center","background-size":"auto","background-attachment":"scroll","background-type":"","background-media":"","overlay-type":"","overlay-color":"","overlay-opacity":"","overlay-gradient":""}},"footnotes":""},"class_list":["post-614","page","type-page","status-publish","hentry"],"yoast_head":"<!-- This site is optimized with the Yoast SEO plugin v27.3 - https:\/\/yoast.com\/product\/yoast-seo-wordpress\/ -->\n<title>Blog Sorties C\u00e9libataires Paris Astuces, conseils, bon plans<\/title>\n<meta name=\"description\" content=\"Blog Sorties C\u00e9libataires Paris Astuces, conseils, bon plans pour sorties c\u00e9libataires Actualit\u00e9s du march\u00e9 du c\u00e9libat\" \/>\n<meta name=\"robots\" content=\"index, follow, max-snippet:-1, max-image-preview:large, max-video-preview:-1\" \/>\n<link rel=\"canonical\" href=\"https:\/\/sortiescelibataires.com\/?page_id=614\" \/>\n<meta property=\"og:locale\" content=\"fr_FR\" \/>\n<meta property=\"og:type\" content=\"article\" \/>\n<meta property=\"og:title\" content=\"Blog Sorties C\u00e9libataires Paris Astuces, conseils, bon plans\" \/>\n<meta property=\"og:description\" content=\"Blog Sorties C\u00e9libataires Paris Astuces, conseils, bon plans pour sorties c\u00e9libataires Actualit\u00e9s du march\u00e9 du c\u00e9libat\" \/>\n<meta property=\"og:url\" content=\"https:\/\/sortiescelibataires.com\/?page_id=614\" \/>\n<meta property=\"og:site_name\" content=\"Sorties C\u00e9libataires\" \/>\n<meta property=\"article:modified_time\" content=\"2025-11-02T10:25:31+00:00\" \/>\n<meta property=\"og:image\" content=\"https:\/\/sortiescelibataires.com\/wp-content\/uploads\/2025\/11\/nouvel_an_2026-526x570.jpg\" \/>\n<meta name=\"twitter:card\" content=\"summary_large_image\" \/>\n<meta name=\"twitter:label1\" content=\"Dur\u00e9e de lecture estim\u00e9e\" \/>\n\t<meta name=\"twitter:data1\" content=\"2 minutes\" \/>\n<script type=\"application\/ld+json\" class=\"yoast-schema-graph\">{\"@context\":\"https:\\\/\\\/schema.org\",\"@graph\":[{\"@type\":\"WebPage\",\"@id\":\"https:\\\/\\\/sortiescelibataires.com\\\/?page_id=614\",\"url\":\"https:\\\/\\\/sortiescelibataires.com\\\/?page_id=614\",\"name\":\"Blog Sorties C\u00e9libataires Paris Astuces, conseils, bon plans\",\"isPartOf\":{\"@id\":\"https:\\\/\\\/sortiescelibataires.com\\\/#website\"},\"primaryImageOfPage\":{\"@id\":\"https:\\\/\\\/sortiescelibataires.com\\\/?page_id=614#primaryimage\"},\"image\":{\"@id\":\"https:\\\/\\\/sortiescelibataires.com\\\/?page_id=614#primaryimage\"},\"thumbnailUrl\":\"https:\\\/\\\/sortiescelibataires.com\\\/wp-content\\\/uploads\\\/2025\\\/11\\\/nouvel_an_2026-526x570.jpg\",\"datePublished\":\"2025-02-23T12:25:18+00:00\",\"dateModified\":\"2025-11-02T10:25:31+00:00\",\"description\":\"Blog Sorties C\u00e9libataires Paris Astuces, conseils, bon plans pour sorties c\u00e9libataires Actualit\u00e9s du march\u00e9 du c\u00e9libat\",\"breadcrumb\":{\"@id\":\"https:\\\/\\\/sortiescelibataires.com\\\/?page_id=614#breadcrumb\"},\"inLanguage\":\"fr-FR\",\"potentialAction\":[{\"@type\":\"ReadAction\",\"target\":[\"https:\\\/\\\/sortiescelibataires.com\\\/?page_id=614\"]}]},{\"@type\":\"ImageObject\",\"inLanguage\":\"fr-FR\",\"@id\":\"https:\\\/\\\/sortiescelibataires.com\\\/?page_id=614#primaryimage\",\"url\":\"https:\\\/\\\/sortiescelibataires.com\\\/wp-content\\\/uploads\\\/2025\\\/11\\\/nouvel_an_2026.jpg\",\"contentUrl\":\"https:\\\/\\\/sortiescelibataires.com\\\/wp-content\\\/uploads\\\/2025\\\/11\\\/nouvel_an_2026.jpg\",\"width\":526,\"height\":789},{\"@type\":\"BreadcrumbList\",\"@id\":\"https:\\\/\\\/sortiescelibataires.com\\\/?page_id=614#breadcrumb\",\"itemListElement\":[{\"@type\":\"ListItem\",\"position\":1,\"name\":\"Accueil\",\"item\":\"https:\\\/\\\/sortiescelibataires.com\\\/\"},{\"@type\":\"ListItem\",\"position\":2,\"name\":\"Blog\"}]},{\"@type\":\"WebSite\",\"@id\":\"https:\\\/\\\/sortiescelibataires.com\\\/#website\",\"url\":\"https:\\\/\\\/sortiescelibataires.com\\\/\",\"name\":\"Sorties C\u00e9libataires\",\"description\":\"Sorties C\u00e9libataires Paris\",\"publisher\":{\"@id\":\"https:\\\/\\\/sortiescelibataires.com\\\/#organization\"},\"alternateName\":\"Sorties C\u00e9libataires Paris Jeunes 24-45\",\"potentialAction\":[{\"@type\":\"SearchAction\",\"target\":{\"@type\":\"EntryPoint\",\"urlTemplate\":\"https:\\\/\\\/sortiescelibataires.com\\\/?s={search_term_string}\"},\"query-input\":{\"@type\":\"PropertyValueSpecification\",\"valueRequired\":true,\"valueName\":\"search_term_string\"}}],\"inLanguage\":\"fr-FR\"},{\"@type\":\"Organization\",\"@id\":\"https:\\\/\\\/sortiescelibataires.com\\\/#organization\",\"name\":\"Sorties C\u00e9libataires\",\"alternateName\":\"Sorties C\u00e9libataires Paris Jeunes 24-45\",\"url\":\"https:\\\/\\\/sortiescelibataires.com\\\/\",\"logo\":{\"@type\":\"ImageObject\",\"inLanguage\":\"fr-FR\",\"@id\":\"https:\\\/\\\/sortiescelibataires.com\\\/#\\\/schema\\\/logo\\\/image\\\/\",\"url\":\"https:\\\/\\\/sortiescelibataires.com\\\/wp-content\\\/uploads\\\/2025\\\/02\\\/logo-sortiescelibataires.png\",\"contentUrl\":\"https:\\\/\\\/sortiescelibataires.com\\\/wp-content\\\/uploads\\\/2025\\\/02\\\/logo-sortiescelibataires.png\",\"width\":220,\"height\":45,\"caption\":\"Sorties C\u00e9libataires\"},\"image\":{\"@id\":\"https:\\\/\\\/sortiescelibataires.com\\\/#\\\/schema\\\/logo\\\/image\\\/\"}}]}<\/script>\n<!-- \/ Yoast SEO plugin. -->","yoast_head_json":{"title":"Blog Sorties C\u00e9libataires Paris Astuces, conseils, bon plans","description":"Blog Sorties C\u00e9libataires Paris Astuces, conseils, bon plans pour sorties c\u00e9libataires Actualit\u00e9s du march\u00e9 du c\u00e9libat","robots":{"index":"index","follow":"follow","max-snippet":"max-snippet:-1","max-image-preview":"max-image-preview:large","max-video-preview":"max-video-preview:-1"},"canonical":"https:\/\/sortiescelibataires.com\/?page_id=614","og_locale":"fr_FR","og_type":"article","og_title":"Blog Sorties C\u00e9libataires Paris Astuces, conseils, bon plans","og_description":"Blog Sorties C\u00e9libataires Paris Astuces, conseils, bon plans pour sorties c\u00e9libataires Actualit\u00e9s du march\u00e9 du c\u00e9libat","og_url":"https:\/\/sortiescelibataires.com\/?page_id=614","og_site_name":"Sorties C\u00e9libataires","article_modified_time":"2025-11-02T10:25:31+00:00","og_image":[{"url":"https:\/\/sortiescelibataires.com\/wp-content\/uploads\/2025\/11\/nouvel_an_2026-526x570.jpg","type":"","width":"","height":""}],"twitter_card":"summary_large_image","twitter_misc":{"Dur\u00e9e de lecture estim\u00e9e":"2 minutes"},"schema":{"@context":"https:\/\/schema.org","@graph":[{"@type":"WebPage","@id":"https:\/\/sortiescelibataires.com\/?page_id=614","url":"https:\/\/sortiescelibataires.com\/?page_id=614","name":"Blog Sorties C\u00e9libataires Paris Astuces, conseils, bon plans","isPartOf":{"@id":"https:\/\/sortiescelibataires.com\/#website"},"primaryImageOfPage":{"@id":"https:\/\/sortiescelibataires.com\/?page_id=614#primaryimage"},"image":{"@id":"https:\/\/sortiescelibataires.com\/?page_id=614#primaryimage"},"thumbnailUrl":"https:\/\/sortiescelibataires.com\/wp-content\/uploads\/2025\/11\/nouvel_an_2026-526x570.jpg","datePublished":"2025-02-23T12:25:18+00:00","dateModified":"2025-11-02T10:25:31+00:00","description":"Blog Sorties C\u00e9libataires Paris Astuces, conseils, bon plans pour sorties c\u00e9libataires Actualit\u00e9s du march\u00e9 du c\u00e9libat","breadcrumb":{"@id":"https:\/\/sortiescelibataires.com\/?page_id=614#breadcrumb"},"inLanguage":"fr-FR","potentialAction":[{"@type":"ReadAction","target":["https:\/\/sortiescelibataires.com\/?page_id=614"]}]},{"@type":"ImageObject","inLanguage":"fr-FR","@id":"https:\/\/sortiescelibataires.com\/?page_id=614#primaryimage","url":"https:\/\/sortiescelibataires.com\/wp-content\/uploads\/2025\/11\/nouvel_an_2026.jpg","contentUrl":"https:\/\/sortiescelibataires.com\/wp-content\/uploads\/2025\/11\/nouvel_an_2026.jpg","width":526,"height":789},{"@type":"BreadcrumbList","@id":"https:\/\/sortiescelibataires.com\/?page_id=614#breadcrumb","itemListElement":[{"@type":"ListItem","position":1,"name":"Accueil","item":"https:\/\/sortiescelibataires.com\/"},{"@type":"ListItem","position":2,"name":"Blog"}]},{"@type":"WebSite","@id":"https:\/\/sortiescelibataires.com\/#website","url":"https:\/\/sortiescelibataires.com\/","name":"Sorties C\u00e9libataires","description":"Sorties C\u00e9libataires Paris","publisher":{"@id":"https:\/\/sortiescelibataires.com\/#organization"},"alternateName":"Sorties C\u00e9libataires Paris Jeunes 24-45","potentialAction":[{"@type":"SearchAction","target":{"@type":"EntryPoint","urlTemplate":"https:\/\/sortiescelibataires.com\/?s={search_term_string}"},"query-input":{"@type":"PropertyValueSpecification","valueRequired":true,"valueName":"search_term_string"}}],"inLanguage":"fr-FR"},{"@type":"Organization","@id":"https:\/\/sortiescelibataires.com\/#organization","name":"Sorties C\u00e9libataires","alternateName":"Sorties C\u00e9libataires Paris Jeunes 24-45","url":"https:\/\/sortiescelibataires.com\/","logo":{"@type":"ImageObject","inLanguage":"fr-FR","@id":"https:\/\/sortiescelibataires.com\/#\/schema\/logo\/image\/","url":"https:\/\/sortiescelibataires.com\/wp-content\/uploads\/2025\/02\/logo-sortiescelibataires.png","contentUrl":"https:\/\/sortiescelibataires.com\/wp-content\/uploads\/2025\/02\/logo-sortiescelibataires.png","width":220,"height":45,"caption":"Sorties C\u00e9libataires"},"image":{"@id":"https:\/\/sortiescelibataires.com\/#\/schema\/logo\/image\/"}}]}},"_links":{"self":[{"href":"https:\/\/sortiescelibataires.com\/index.php?rest_route=\/wp\/v2\/pages\/614","targetHints":{"allow":["GET"]}}],"collection":[{"href":"https:\/\/sortiescelibataires.com\/index.php?rest_route=\/wp\/v2\/pages"}],"about":[{"href":"https:\/\/sortiescelibataires.com\/index.php?rest_route=\/wp\/v2\/types\/page"}],"author":[{"embeddable":true,"href":"https:\/\/sortiescelibataires.com\/index.php?rest_route=\/wp\/v2\/users\/1"}],"replies":[{"embeddable":true,"href":"https:\/\/sortiescelibataires.com\/index.php?rest_route=%2Fwp%2Fv2%2Fcomments&post=614"}],"version-history":[{"count":17,"href":"https:\/\/sortiescelibataires.com\/index.php?rest_route=\/wp\/v2\/pages\/614\/revisions"}],"predecessor-version":[{"id":2327,"href":"https:\/\/sortiescelibataires.com\/index.php?rest_route=\/wp\/v2\/pages\/614\/revisions\/2327"}],"wp:attachment":[{"href":"https:\/\/sortiescelibataires.com\/index.php?rest_route=%2Fwp%2Fv2%2Fmedia&parent=614"}],"curies":[{"name":"wp","href":"https:\/\/api.w.org\/{rel}","templated":true}]}}